45) - 21838/(-8))*4 composite?
False
Suppose -12*l + 69975 + 136029 = 0. Is l a composite number?
False
Let i = -143 - -133. Let u be 6/(210/(-91)) - 6/i. Let d = u - -255. Is d a composite number?
True
Let y(n) = -131295*n - 814. Is y(-1) composite?
True
Let p be (-3)/7 - (-90)/14. Is (-2 + (-561)/p)/((-2)/4) a composite number?
False
Let t = 38 + -34. Suppose 4*x - t*u = 5 - 21, 2*u = 4*x + 12. Let w(k) = 18*k**2 - k + 3. Is w(x) a composite number?
True
Suppose -209*v + 207*v = -14, 3*u = 5*v + 113728. Is u composite?
True
Suppose -s + 6*s = 5815. Let r(q) = -5*q**3 + 2*q**2 - 7*q - 8. Let j be r(-7). Let w = j - s. Is w a composite number?
False
Let u = 181 + -173. Suppose -u*m - 11*m + 5662 = 0. Is m a prime number?
False
Suppose 0 = -14*p + 19*p + 25. Let y be (6/(-5))/(p/75). Is -6 + 1 + 30564/y composite?
False
Suppose 7951 = -92*f + 94*f + 2465. Is f composite?
True
Let v = -14799 - -32954. Is v a composite number?
True
Let s be ((-304)/12)/(2/(-9)). Let m(b) = 43*b - 43. Let a be m(6). Suppose p - a = s. Is p composite?
True
Let t(b) = -221863*b - 1239. Is t(-2) prime?
True
Let a(y) be the third derivative of 9*y**5/20 + y**4/6 - y**3 - 6*y**2. Suppose 5*u - 49 = 2*x, -5*u + 5*x - 6*x + 43 = 0. Is a(u) a prime number?
False
Let d(k) = 7*k + 7. Let l be d(15). Suppose 3*r + l = -50. Let n = 103 - r. Is n prime?
True
Suppose -2*n + 992 = 3*c, 3*c + 9*n - 993 = 6*n. Let w be (1 + -2595)*3/(-6). Suppose -f = c - w. Is f prime?
True
Is 2/(-39) - (-29799875)/273 composite?
True
Let y(p) = 2*p**2 - 6*p + 6. Suppose -12*x - 4*a = -7*x - 9, -x - 2*a + 3 = 0. Let g be y(x). Is (4 - (g + 3))/1 - -558 a composite number?
False
Let o(g) = -g**3 - 18*g**2 - 25*g - 41. Let f be o(-19). Suppose 4*k - 1583 = -5*i, -4*k = 4*i - 469 - f. Is i a prime number?
False
Let j(b) = 45*b**2 - 6*b + 20*b - 39*b**2 - 10. Let z be j(-14). Suppose -6*q = -q - z. Is q a composite number?
True
Let o(s) = -s**3 + 22*s**2 - 41*s + 22. Let u be o(20). Is (170/136)/(u/34088) prime?
False
Suppose j + 2*k - 2 = 5*j, j - 2*k = 7. Let v be j/(-4 + 1) + 3. Suppose 3*z = 2*u - 32, -4*z - 74 = -v*u - 14. Is u a prime number?
True
Suppose -4*c + 11 = 11. Suppose 4*n - 3606 - 1430 = c. Is n prime?
True
Let v be (4 + -1723)*7 - 5. Let m = -6301 - v. Is m a composite number?
False
Let y = 4121 - 3486. Is y a prime number?
False
Suppose y - 7*h + 2*h - 24 = 0, 120 = 5*y - h. Suppose -31*f + 7574 = -y*f. Is f prime?
False
Let f(w) = -2*w**2 - 6*w + 4666. Let z be f(0). Let n = z - 681. Is n a prime number?
False
Let o(a) = 1059*a - 35. Suppose 2*q - 18 = -3*s + 5*s, -2*q + 5*s = -33. Let g(h) = 529*h - 17. Let n(p) = q*o(p) - 9*g(p). Is n(-6) a composite number?
False
Let s = 160 - 157. Is (-7278)/(-4) - 1*s/6 a prime number?
False
Let h(t) = -24671*t - 324. Is h(-7) a composite number?
False
Is (-1)/(19/(-20414132)*4) a prime number?
True
Let g(k) = k**3 - k**2 - 12*k + 7. Let r = -126 + 136. Is g(r) a composite number?
False
Let b = 99 - 97. Suppose 4858 = 2*r - b*m, -2*r + 5*m - 2429 = -3*r. Is r prime?
False
Suppose -2*r = -x - 26, x - 6 = -r - 20. Is x/(-24)*-4*382/(-3) a prime number?
False
Let w be ((-6)/(-7))/((-6)/(-28)). Let j(u) = 5*u**2 + 6*u + 8. Let l be j(7). Suppose l = w*v + 27. Is v prime?
True
Let c(u) = 21*u**2 - 5*u + 8. Let h be c(11). Suppose 2*r = 3*v - 5953 + h, v - 1148 = -r. Is v composite?
False
Let k = -27 + 46. Suppose 3 + k = -3*b + a, -b = -4*a. Is 142*(-1)/(b/12) a composite number?
True
Let u = -695 + -13509. Let t be (-3)/((-14198)/u + -1). Suppose m + 2*z = 5*m - t, -z = 4*m - 7111. Is m prime?
True
Let q = 99518 + -2857. Is q composite?
False
Let d(a) = a**3 + a**2 - a + 4806. Let n be d(0). Let z = 3193 - n. Let o = -672 - z. Is o prime?
True
Suppose -4*o - 6 = 10, 5*o - 588 = c. Let k be (-2)/(-6) - c/12. Let v = 60 + k. Is v prime?
False
Let u(m) = -1753*m - 817. Is u(-12) a composite number?
False
Let k = -531 - -534. Suppose 42 - 538 = -q + 3*u, 0 = 3*u - k. Is q prime?
True
Is (6 - (-1298)/(-220)) + 5/((-100)/(-2490858)) a prime number?
True
Suppose -1383*h = -1384*h + 3*s + 806875, -3*h + 2*s + 2420667 = 0. Is h a composite number?
False
Suppose -5*a - 2 - 3 = 0. Let b be 2 + (-16)/12*(5284 + a). Let f = -4881 - b. Is f prime?
True
Let b = -457 - -459. Suppose -3*u = b*u - 10, g - 22761 = -2*u. Is g prime?
False
Suppose 24*p - 71738 = 698998. Is p a composite number?
True
Let l(c) = 437*c + 53. Let m be l(-9). Let v = 6213 + m. Is v composite?
False
Suppose 17*t + 104 = 13*t. Let v = t - -26. Suppose -4*p - p - 3*i + 4073 = v, -5*i + 1614 = 2*p. Is p prime?
False
Let i = 785867 - -291270. Is i composite?
True
Suppose -1785 = -9*z + 4*z. Suppose -3*l + 23 = 4*b, -3*b = 3*l + 4 - 25. Suppose 0 = -b*k - 5*f + z - 28, 5 = -5*f. Is k composite?
False
Let m = 15620 + -3082. Is m composite?
True
Suppose 8*y - 6237 = 923. Let x be (1 + 3)/2 + 1. Suppose -u - 4*r = -6*u + 1494, x*u = r + y. Is u a composite number?
True
Let o = -1817 - -2760. Is o composite?
True
Let q(t) = 2*t**3 + 12*t**2 + 2*t + 12. Let s be q(-6). Suppose 20*z - 21*z + 87 = s. Suppose 0 = -6*w + 69 + z. Is w composite?
True
Let h(l) = 19*l**3 - 11*l**3 - 30*l**3 + 19*l + 5*l**2 - 3*l**2 + 68. Is h(-5) a prime number?
False
Suppose -48343 = -3*m - 2*n + 116882, -m + 55079 = 2*n. Is m a composite number?
False
Let o(u) = u**3 - 3*u**2 + 5*u + 5. Let h be o(12). Suppose -h = 103*j - 104*j. Is j composite?
False
Let m(w) be the second derivative of 128*w**3/3 + 3*w**2 - 9*w. Let u be m(1). Let a = 1219 + u. Is a composite?
False
Let t(k) = -k**3 + 27*k**2 + 20*k - 23. Let u = 131 + -110. Is t(u) a composite number?
True
Suppose -1853492 = 35*u - 8175507. Is u composite?
False
Let x(n) = 64*n + 91. Let d be x(11). Suppose -4*u - d = -7*u. Is u prime?
False
Let p be ((-3)/(-6))/((-10)/18920). Let m = 1487 + p. Is m composite?
False
Suppose 2*k - 4*y = -2*k, -3*k + 2*y - 1 = 0. Let c be (-18405)/(-15) - (3 + k). Suppose 4*l - c = 99. Is l a composite number?
False
Suppose -58*x + 7557089 = 1058943. Is x a prime number?
False
Let k(t) = 280*t + 41. Let v(y) = 70*y + 10. Let u(d) = -2*k(d) + 9*v(d). Suppose 5*j + 3*a = 64, 0*j + 48 = 3*j + 5*a. Is u(j) composite?
True
Let j = 439 - 433. Is (8 - j) + 1109 + 3 a prime number?
False
Suppose 4*m - 1368 + 367 = -3*w, -2*m + 1009 = 3*w. Suppose 3*l - 725 - w = -5*g, l = -4*g + 357. Is l a prime number?
True
Let m be 2/6 - (-12)/18. Let x(n) = -4*n**2 + 474*n**3 - 2*n**2 + 5*n**2 + 3*n - 3*n**2. Is x(m) prime?
False
Suppose -y = -8*v + 3*v - 4201, 12603 = 3*y - 5*v. Suppose 3*m - 5*m = 0. Suppose -5*f = -3*w - y, m = -4*f - 5*w + 1596 + 1750. Is f a prime number?
True
Suppose 5*g - 18211 = -2*w, -4*w - 1615 = -2*g + 5655. Suppose 5*s - g = 3344. Is s a prime number?
False
Let d(v) = -5*v**3 + 72*v**2 - 46*v + 359. Let k(i) = 2*i**3 - 36*i**2 + 23*i - 180. Let q(y) = -3*d(y) - 7*k(y). Is q(-36) prime?
False
Let u(g) be the first derivative of g**4/2 - 2*g**3/3 - 3*g**2/2 + 3*g + 9. Let z be u(-3). Is (-79130)/z + (-2)/(-12) + 0 composite?
False
Let h(o) = -7586*o**2 + 4*o + 4. Let x be h(-2). Let b = x + 45430. Is b a composite number?
True
Suppose -299986 = -10*g + 226624. Is g a composite number?
True
Suppose 0 = -4*o - 201710 + 2113062. Is o prime?
False
Suppose -72*h + 8701 = -71*h. Let r = -3990 + h. Is r prime?
False
Is (-233884)/(-196)*(9 - 2) a prime number?
True
Let g(a) = 3*a**3 - a**2 + 5*a - 5. Let l be g(1). Suppose 7*f - 4*w + 1363 = 8*f, 0 = 4*f - l*w - 5488. Is f composite?
True
Suppose 235 - 685 = 15*l. Is 6031 - ((-55)/l + (-2)/(-12)) a composite number?
False
Let m = -31319 + 16076. Let c = m - -24590. Is c prime?
False
Suppose -3*v + 4659 = 4*n, -n - 34 + 1193 = -5*v. Suppose k - 3*a + 30 = n, -k = -a - 1126. Suppose -k = 7*s - 3775. Is s a prime number?
True
Let c be 28/7 + 100 - 5. Suppose -96*x + c*x = 7401. Is x a composite number?
False
Suppose 0 = -4*k + u + 1919757, 11*k = 15*k - 4*u - 1919760. Is k composite?
False
Let s(k) = k. Let h(a) = -25*a**2 + 16*a + 21. Let j(v) = -h(v) + 3*s(v). Is j(-5) composite?
True
Is (-1 + (-2266)/(-2))*(-20)/(1040/(-30823)) a composite number?
True
Let o = -451343 + 780370. Is o prime?
True
Suppose -5739*l - 391086 = -5745*l. Is l a prime number?
False
Let u(s) = 174365*s + 24. I